*w**3 + 4*w**2 - 7*w + 11. Give m(3).
188
Let g(k) = k**3 - 32*k**2 - 187*k - 25. What is g(-5)?
-15
Let w(n) = -n - 60. Determine w(-8).
-52
Let y(d) = 191*d + 3637. Determine y(-19).
8
Let l(v) = -70*v**2 - 202*v - 163. What is l(-2)?
-39
Let q(h) = 40*h + 191. Determine q(-6).
-49
Let w(z) = -156*z - 1858. Calculate w(-12).
14
Let q(s) = s**3 - 110*s**2 + 327*s - 664. What is q(107)?
-22
Let j(v) = 6*v**3 + 125*v**2 - 13*v + 154. Determine j(-21).
-14
Let a(l) = -l**2 - 45*l + 3530. What is a(-86)?
4
Let s(m) = 2*m**3 - 9*m**2 + 13*m - 14. What is s(5)?
76
Let o(t) = t**3 - 86*t**2 - 88*t + 118. Give o(87).
31
Let x(n) = -13777*n - 41327. Give x(-3).
4
Let t(m) = -m**3 - 87*m**2 + 348*m + 43. Give t(4).
-21
Let t(v) = -5*v**3 + 19*v**2 + 12*v - 3. Give t(5).
-93
Let w(j) = 21*j**2 - 320*j - 234. Give w(16).
22
Let j(u) = 12*u + 247. Determine j(-35).
-173
Let a(n) = -452*n - 18525. Determine a(-41).
7
Let i(m) = -559*m - 1126. What is i(-2)?
-8
Let a(v) = v**3 + 3*v**2 + 4*v + 15. What is a(-5)?
-55
Let u(v) = -6*v**2 + 160*v - 131. What is u(25)?
119
Let c(j) = 8974*j - 98711. Calculate c(11).
3
Let g(s) = -s**2 - 23*s - 114. Calculate g(-14).
12
Let u(x) = -558*x + 4227. What is u(9)?
-795
Let j(z) = -z**2 + 226*z - 1732. Give j(8).
12
Let f(k) = -k**2 + 65*k + 2997. What is f(-31)?
21
Let m(c) = -c**3 - 50*c**2 + 105*c + 25. What is m(-52)?
-27
Let r(i) = -i**3 - 150*i**2 + 2479*i + 663. Calculate r(-165).
3
Let f(b) = -18*b**2 - 164*b - 199. Calculate f(-7).
67
Let a(o) = -2*o**3 - 4*o**2 - 3*o - 9. What is a(-4)?
67
Let r(o) = 2*o**3 - 9*o**2 - 26*o + 110. What is r(5)?
5
Let k(d) = 2*d**2 + 20*d - 11. Determine k(-4).
-59
Let w(h) = -h**2 - 2*h + 78. Calculate w(8).
-2
Let l(n) = -60*n**2 + 1560*n + 5. Give l(26).
5
Let m(k) = -24*k - 491. Calculate m(-22).
37
Let h(k) = k**3 + 25*k**2 + 9*k - 31. What is h(-25)?
-256
Let h(z) = -z**3 - 34*z**2 + 18*z + 87. Give h(-35).
682
Let j(q) = 37*q + 410. Give j(-11).
3
Let i(u) = -28*u**2 - 51*u + 675. Give i(-6).
-27
Let u(q) = -5*q**3 + 6*q**2 - 36*q - 4. What is u(0)?
-4
Let y(w) = -5*w**3 - 282*w**2 - 104*w + 439. What is y(-56)?
-9
Let i(f) = -5*f + 67. Give i(26).
-63
Let h(f) = -50*f + 42. What is h(2)?
-58
Let x(v) = -13956*v - 55823. What is x(-4)?
1
Let f(d) = -2*d**2 + 6*d + 1436. Determine f(-25).
36
Let s(d) = d**3 - 5*d**2 - 34*d + 90. Calculate s(8).
10
Let o(p) = 4*p**3 + 17*p**2 - 10*p + 24. Give o(-5).
-1
Let d(w) = -4*w - 73. Determine d(-34).
63
Let c(k) = k**3 - 7*k**2 + 20*k - 21. Calculate c(8).
203
Let z(s) = 34*s + 371. Calculate z(-9).
65
Let f(a) = -3*a**2 - 120*a - 896. Calculate f(-10).
4
Let i(m) = -m**3 - 15*m**2 - 15*m - 46. What is i(-14)?
-32
Let z(m) = 3*m**3 + 16*m**2 - 11*m - 1. Calculate z(-6).
-7
Let a(q) = 328*q - 2480. Give a(7).
-184
Let s(r) = 161*r + 1436. Give s(-9).
-13
Let f(v) = -36*v - 142. Calculate f(-8).
146
Let a(i) = 3*i - 517. Calculate a(34).
-415
Let n(r) = -195*r + 583. Give n(3).
-2
Let i(x) = x**3 + 49*x**2 + 42*x - 44. What is i(-48)?
244
Let a(d) = d**3 - 15*d**2 + 54*d + 9. Give a(5).
29
Let g(o) = -7*o + 82. Determine g(15).
-23
Let r(a) = -a**2 + 38*a - 305. Give r(24).
31
Let i(r) = -r**3 - 16*r**2 - 53*r + 68. Determine i(-7).
-2
Let p(j) = -65*j**2 - 54*j - 1. Calculate p(-1).
-12
Let d(m) = -8*m**2 - 47*m - 81. Determine d(-6).
-87
Let c(a) = -117*a + 1984. Give c(17).
-5
Let s(r) = -r**2 - 39*r + 267. Calculate s(-45).
-3
Let c(n) = -n**3 + 10*n**2 - 11*n + 19. Calculate c(9).
1
Let i(r) = 5*r**2 - 12*r - 162. Give i(-6).
90
Let n(w) = 5*w**2 - 102*w + 81. Determine n(22).
257
Let j(i) = 10*i**3 - 37*i**2 - 9*i + 6. What is j(4)?
18
Let p(j) = -j**3 + 29*j**2 + 54*j - 727. Determine p(30).
-7
Let c(s) = -11*s**2 + 53*s - 154. Calculate c(3).
-94
Let j(n) = 6*n + 30. What is j(-7)?
-12
Let v(s) = -4*s**2 - 97*s + 70. Determine v(-25).
-5
Let o(q) = q**3 + 41*q**2 - 235*q - 203. Calculate o(-46).
27
Let w(g) = -g**3 - 18*g**2 - 35*g - 20. Give w(-16).
28
Let y(i) = i**2 + 25*i - 337. Calculate y(10).
13
Let t(n) = 4*n**3 - 32*n**2 - 6*n + 9. Calculate t(8).
-39
Let o(s) = 15*s**2 - 433*s - 64. Calculate o(29).
-6
Let s(o) = -2*o**3 - 4*o**2 - 154*o - 481. Determine s(-3).
-1
Let x(c) = -c**3 + 62*c**2 + 123*c + 610. Determine x(64).
290
Let y(v) = -45*v - 1480. Give y(-33).
5
Let v(o) = o**3 - 30*o**2 + 16*o + 379. Determine v(29).
2
Let p(d) = -d**3 + 3*d**2 + 200*d + 17. Calculate p(-13).
121
Let q(h) = 2*h**3 - 35*h**2 - 242*h + 4395. What is q(17)?
-8
Let l(g) = -g**2 - 5*g + 87. Determine l(9).
-39
Let i(h) = 6*h**2 + 27*h - 5. Determine i(0).
-5
Let s(a) = 8*a + 195. What is s(-19)?
43
Let b(a) = 3370*a - 212317. Give b(63).
-7
Let v(s) = -54*s + 448. Determine v(9).
-38
Let o(t) = 11*t + 91. Calculate o(-8).
3
Let l(a) = -2*a**2 - 88*a - 104. What is l(-42)?
64
Let f(g) = -851*g - 9292. Give f(-11).
69
Let i(w) = -28*w + 184. Determine i(6).
16
Let h(a) = -8*a**2 - 28*a - 12. Determine h(-8).
-300
Let f(d) = -d**3 - 10*d**2 + 5*d + 36. Determine f(-10).
-14
Let m(f) = -18*f**2 + 145*f - 5. Calculate m(8).
3
Let f(j) = -21*j + 11. Give f(2).
-31
Let s(n) = n**2 - 33*n - 868. Determine s(50).
-18
Let b(a) = a**2 - 7*a - 30. What is b(-14)?
264
Let h(q) = -20*q**2 + 396*q + 84. Determine h(20).
4
Let j(d) = d**3 + 2*d**2 - 5*d - 5. What is j(3)?
25
Let a(i) = i**3 + 8*i**2 + 14*i + 18. Determine a(-6).
6
Let s(f) = -3*f**2 - 8605*f - 51524. Give s(-6).
-2
Let l(d) = -3*d**3 + 16*d**2 - 208*d + 769. Give l(4).
1
Let d(c) = c**3 + 35*c**2 + 31*c + 2411. Determine d(-36).
-1
Let l(x) = x**3 + 16*x**2 + 10*x - 96. Determine l(-15).
-21
Let x(s) = 30*s + 1606. What is x(-54)?
-14
Let g(p) = -p**3 + 119*p**2 - 676*p - 229. Determine g(113).
-3
Let l(y) = -51*y - 613. Determine l(-13).
50
Let j(m) = 4*m**3 - 13*m**2 + 19*m - 12. Give j(2).
6
Let h(y) = 67*y + 601. Calculate h(-8).
65
Let k(p) = -p**3 + 28*p**2 + 133*p + 15. What is k(-4)?
-5
Let v(o) = -o**2 - 53*o - 93. Calculate v(-52).
-41
Let i(h) = -7468*h - 126943. Give i(-17).
13
Let y(h) = 40*h - 635. Give y(16).
5
Let o(h) = h**3 - 25*h**2 - 65*h + 66. What is o(27)?
-231
Let o(a) = 22*a - 3111. Calculate o(141).
-9
Let v(p) = 2*p**3 + 80*p**2 + 2*p + 60. Determine v(-40).
-20
Let b(o) = 10*o**3 - o**2 - 8*o + 12. Calculate b(3).
249
Let p(y) = 2*y**2 - 335*y - 1020. Determine p(-3).
3
Let u(v) = -7*v + 76. What is u(43)?
-225
Let q(v) = 21*v - 31. Determine q(0).
-31
Let m(i) = i**3 - 40*i - 15. What is m(-6)?
9
Let j(f) = -f**2 + 62*f + 619. What is j(73)?
-184
Let k(y) = -33*y + 252. Calculate k(5).
87
Let b(y) = -3379*y + 10137. What is b(3)?
0
Let n(p) = 48*p**2 - 2*p - 7. What is n(-2)?
189
Let a(i) = -26*i**3 + i**2 + i - 1. Calculate a(1).
-25
Let y(x) = 61*x + 338. What is y(-14)?
-516
Let t(s) = 2*s + 84. What is t(-22)?
40
Let a(i) = -i**3 - 9*i**2 + 14*i + 171. Determine a(-8).
-5
Let q(s) = 2*s**3 + 62*s**2 + 78*s + 538. Determine q(-30).
-2
Let l(z) = 843*z + 5024. Calculate l(-6).
-34
Let x(i) = 28*i**2 - 135*i - 267. Determine x(-2).
115
Let m(v) = -v**3 + 11*v**2 - 6*v - 14. What is m(11)?
-80
Let k(v) = v**2 + 31*v - 252. What is k(7)?
14
Let a(r) = -r**2 + 546*r + 13066. Give a(-23).
-21
Let p(x) = -x**3 + 34*x**2 + 63*x + 790. Determine p(36).
466
Let a(v) = 129*v - 159. What is a(2)?
99
Let k(u) = u**3 + 15*u**2 - 29*u + 5. Determine k(-16).
213
Let l(f) = -3*f**3 + 16*f**2 - 2*f - 1. Give l(5).
14
Let y(i) = 7*i**2 + 1256*i + 533. Determine y(-179).
-4
Let a(w) = 3*w**2 + 66*w + 363. What is a(-10)?
3
Let n(t) = 14050*t + 210752. Calculate n(-15).
2
Let d(p) = -p**3 + 2*p**2 - 16*p + 113. Determine d(5).
-42
Let r(j) = -2*j**3 + 119*j**2 + 61*j - 14. Calculate r(60).
46
Let x(m) = -2*m**3 + 3*m**2 + 8*m - 119. Give x(5).
-254
Let g(y) = -y**2 + 7*y + 42. What is g(17)?
-128
Let h(x) = 4*x**2 + 1097*x + 2192. Calculate h(-2).
14
Let n(v) = -3*v**2 + 40*v - 143. Determine n(7).
-10
Let i(y) = -204*y - 3722. Calculate i(-17).
-254
Let c(b) = 3*b**2 - 43*b + 147. Give c(6).
-3
Let n(y) = 3*y**3 - 79*y**2 - 333*y + 60. Determine n(30).
-30
Let f(r) = -r**3 + 41*r**2 + 185*r - 227. Determine f(45).
-2
Let n(j) = 2*j**3 - 6*j**2 - 2*j - 7. Determine n(8).
617
Let n(v) = -v**2 - 84*v + 1941. What is n(19)?
-16
Let n(u) = u**2 + 59*u - 1629. Calculate 